/(-14))/(4/(-14)). Let w(j) = -167 + 56 + 63 + j**2 - 11*j + 60. What is w(o)?
2
Let i(b) be the first derivative of -b**6/120 - b**4/24 + 3*b**3/2 - 8*b**2 - 15. Let c(s) be the second derivative of i(s). Calculate c(0).
9
Let j(i) = -4*i**3 - 115*i + 116*i - 29 + i**2 + 3*i**3. Calculate j(0).
-29
Let y(t) = 16*t**2 - 2 - 3839*t + 3834*t - 3*t**3 + 6. Give y(5).
4
Let f(c) = -4*c**2 + 5*c + 13 + 0*c + 5*c**2 + 0*c - 17. Determine f(-5).
-4
Let v(d) = d**3 + 6*d**2 - d - 3. Let q be v(-6). Let p(m) = -2*m**3 - 31*m**2 + q*m**3 - 3 - 4*m + 32*m**2. What is p(-2)?
1
Let y = -6 + -2. Let c be (5/10)/(-3 + (-28)/y). Let s(v) = 2*v - v + v. Determine s(c).
2
Let m(r) = -r**3 + 9*r**2 - 11*r + 1. Let b(v) = v**3 + 15*v**2 - 15*v + 24. Let f be b(-16). What is m(f)?
-23
Let a(c) = -3 + 0 - 81*c + 4*c**2 + 40*c - 3*c**2 + 37*c. Let p(t) = -t**3 + 4*t**2 + 5*t - 7. Let y be p(5). Let v = 11 + y. Determine a(v).
-3
Let g(q) = -19*q**2 + 373 + 18*q**2 - 372. Determine g(-2).
-3
Let n be -2*1 + 0 - 0. Let u(k) = -k**2 - k + 2. Let a(q) = -q**2 - q + 3. Let x(i) = 3*a(i) - 4*u(i). Calculate x(n).
3
Let q(d) = d**2 + d**3 + 3 - 38*d - 40*d - 37*d + 112*d. Calculate q(-3).
-6
Let q(o) = -2*o**3 + 7*o**2 - 4*o - 1. Let w be (-840)/(-108) + (-4)/(-18) - 5. Give q(w).
-4
Let s(y) = 11*y**2 + 28*y - 5. Let l(d) = -5*d**2 - 13*d + 2. Let b(j) = -9*l(j) - 4*s(j). What is b(-4)?
-2
Let j(d) be the third derivative of d**9/60480 - d**8/4032 - d**6/240 - d**5/20 + 12*d**2. Let q(a) be the third derivative of j(a). Determine q(5).
-3
Let n(f) = 2*f - 14. Let g be n(8). Let z = 17 - 15. Let h(q) = -q - 12*q**2 - 1 + 2*q + 8*q**z. Calculate h(g).
-15
Let t(v) be the first derivative of -v**3/3 - 9*v**2/2 - 5*v + 22. What is t(-5)?
15
Let s(t) = -t**3 + t + 1. Let o be s(-1). Let j(c) = -o - 9*c - 2*c + 10*c - 3. Let f = -26 + 18. What is j(f)?
4
Let d(b) = b**2 + b - 1. Suppose 0 = 2*j - 1 - 1. Let t be j/((-5)/6)*10. Let n be (12 + t)*(-1)/(-2). Determine d(n).
-1
Let x(g) = -19 - g - 5*g - 3*g + 9 + 8*g. What is x(-8)?
-2
Let i be 36/14*28/6. Let m(p) = -p**3 + 12*p**2 - p + 15. Let r be m(i). Suppose r + 0 = x. Let k(h) = h**3 - 3*h**2 - 2*h + 3. Determine k(x).
-3
Let c(y) = -5*y + 104. Let o be c(20). Let r(s) be the first derivative of -1/4*s**4 + o - 5/3*s**3 - 5/2*s**2 - 2*s. What is r(-3)?
-5
Let b(s) = -s**3 + s - 1. Suppose f - 5*l - 13 = 0, -f + 2*l + 3 = 2. Let p(m) = -5 - 2 - m + 0*m. Let z be p(f). What is b(z)?
-1
Suppose 4*w - 7*w = -4*k + 55, 24 = 2*k + 2*w. Let p(j) = j**3 - 13*j**2 + j - 8. Give p(k).
5
Let b(y) = 12*y**2 + 4*y - 3. Let x(i) = 12*i**2 + 3*i - 2. Let p(u) = 2*b(u) - 3*x(u). Let w = -27 - -28. Calculate p(w).
-13
Let a(t) = t**2 + 6*t. Suppose 18*p = 32*p + 84. Calculate a(p).
0
Let m(b) = -2*b**2 + b. Let c = 6 - 6. Let d = -1 + c. Let n be m(d). Let t(j) = 2*j + 3. What is t(n)?
-3
Let r(j) be the third derivative of j**7/2520 + j**6/720 - j**5/30 - 8*j**2. Let q(g) be the third derivative of r(g). Determine q(3).
7
Let s(m) = -3*m + 9. Let w(d) = -10 + d + d + 2*d. Let j(r) = -3*s(r) - 2*w(r). Let x be (-2)/2 - (-5 - 1). Give j(x).
-2
Let f = 6 - 4. Suppose -f*r - 3 = -7. Let l be r + -6 - (-2 - 2). Let x(i) = i**2 + i + 6. Determine x(l).
6
Let l(o) be the second derivative of 7*o**4/12 + o**3/6 + o**2/2 + 95*o + 1. Suppose -2*t = 5 - 3. Calculate l(t).
7
Let b(n) = 29*n**2 + 4*n - 1. Let u(x) = 36*x**2 + 4*x - 1. Let q(d) = 5*b(d) - 4*u(d). Calculate q(-3).
-4
Let f(y) = -3*y - 1148 + y + 1135. Give f(-5).
-3
Let x(j) = j**3 - 6*j**2 + 3*j - 3. Let h be 3 + 316/8*-2*2. Let g be ((-124)/h)/((-1)/(30/(-4))). What is x(g)?
15
Let n(h) = h**3 - 9*h**2 + 8*h + 16. Let b = -320 - -328. Calculate n(b).
16
Let u(v) = v**3 + 6*v**2 + v + 2. Suppose 0 = 4*o - f + 14, -2*f - 20 = 3*o - 4. Determine u(o).
30
Let a = -979 - -982. Let y(r) be the third derivative of 5*r**4/24 - r**3/2 + 2*r**2. Give y(a).
12
Let f(p) = -19*p - 8 + 9 + 20*p. Let u(x) be the first derivative of -x**2/2 + 3*x - 2. Let s(y) = 2*f(y) + u(y). Calculate s(0).
5
Let i(c) = c**2 + 1. Let t(m) = 2*m**2 - m + 3. Let k = -49 + 31. Let p be (2/(-3))/(12/k). Let b(u) = p*t(u) - i(u). Give b(-2).
8
Let h(j) be the first derivative of j**3/3 + 15*j**2/2 + 14*j + 11. What is h(-14)?
0
Let t(i) be the second derivative of -i**5/20 + 5*i**4/12 + i**3/2 + 3*i**2/2 + 7*i. Determine t(6).
-15
Suppose 221 = 23*g + 83. Let i(t) = -t**3 + 8*t**2 - 9*t + 1. Calculate i(g).
19
Let y = 37 - 38. Let b be (y/(-2))/(13/(-26)). Let a(o) = -3*o. What is a(b)?
3
Let c(f) be the first derivative of -f**4/4 - 5*f**3/3 - 3*f**2/2 + 4*f + 7. Suppose -7*d = -6 + 34. Give c(d).
0
Let m(a) = 12*a + 10*a - 43*a + 9*a + 11*a. Suppose 3*j = -0*j - 18. Determine m(j).
6
Let b(z) be the first derivative of -z**3/3 - 13*z**2/2 - 11*z + 65. Determine b(-8).
29
Let k(y) = y**2 + 8*y - 5. Suppose -5*u - 5*w + 180 + 70 = 0, 0 = 4*u - w - 220. Let x = 47 - u. What is k(x)?
-12
Let g = 2037 - 2038. Let b(o) = -4*o - 3*o + 3*o. What is b(g)?
4
Let q(m) = 5*m**3 + 15*m**2 + 4*m - 13. Let b(p) = 3*p**3 + 8*p**2 + 2*p - 7. Let d(t) = -7*b(t) + 4*q(t). Give d(2).
9
Let w(r) = -2*r**2 + 4*r. Let a(d) = -d**3 - 5*d**2 + d + 1. Let x be a(-5). Let n(l) = -2*l**2 + 4*l - 1. Let z(q) = x*n(q) + 5*w(q). What is z(4)?
-12
Suppose -2*s - 5*n + 43 = 0, 3*n + 71 + 25 = 3*s. Let o(d) = -12 - 14*d + s*d - 16*d. Let k = 1 + -1. Give o(k).
-12
Let p(u) = -u - 6. Suppose -20*d - 151 + 11 = 0. Determine p(d).
1
Let j(x) be the second derivative of -11*x**3/6 + 97*x**2/2 + 565*x. What is j(8)?
9
Suppose 0 = -9*b + 4*b - 20. Let j(i) be the third derivative of -i**4/24 - i**3/6 + 155*i**2. Calculate j(b).
3
Let y(j) = -1 - j**3 + 3 + 5*j**2 + 4 + 0*j**2. Suppose 0 = -3*f + 16 - 1. Calculate y(f).
6
Suppose -3*a = -20 - 7. Suppose 2*t + a = 3*l, 3*l - 21 = -3*t + t. Let k(r) = -r**2 + 4. Give k(t).
-5
Let q = -3 - -3. Let r(i) = -i**3 - 4*i**2 - 3 + 3*i**2 + 64*i - 33*i - 32*i. What is r(q)?
-3
Let u(r) be the first derivative of 6 + 1/20*r**5 - r**3 - 1/2*r**2 - 7*r - 1/3*r**4. Let m(v) be the first derivative of u(v). Give m(5).
-6
Suppose 0 = 6*f - 22*f - 48. Let q(o) be the second derivative of o**4/12 + o**3/2 + 3*o**2/2 + 2*o. Determine q(f).
3
Let i(k) = -k**3 - 4*k**2 - k + 3. Let f be (-5 - -8) + -8 - -2. Let t be i(f). Let z(n) = n + 3. Let j(d) = -1. Let o(s) = -3*j(s) + z(s). Determine o(t).
3
Let v = 332 - 1327/4. Let p(g) be the first derivative of 3*g - 5 - v*g**4 + 2/3*g**3 + g**2. What is p(-2)?
15
Let o = 166 + -170. Let s(n) = -5*n - 1 + 0 - 2*n + 8*n. What is s(o)?
-5
Suppose 4 = 3*i - 5. Let p(j) = -j**3 + 9*j + 10 - 4*j**i - 6*j**2 + 2*j**3 + 2*j**3. Let z be (-2)/((-5)/(35/(-2))). Give p(z).
-4
Let f(v) = 2*v - v**2 + 5*v - 7 + 25 + 8 + 0*v**2. Calculate f(10).
-4
Let o(j) = 2*j + 4. Suppose 0 = -5*d - 16 + 41. Give o(d).
14
Let q(k) = -10*k**3 + 6*k**2 + 4*k + 5. Let j(z) = -11*z**3 + 5*z**2 + 3*z + 4. Let y(g) = 6*j(g) - 5*q(g). What is y(-1)?
17
Let k(r) = r**2 - 13 + 10 - 10 + 4*r. Let c be k(-6). Let l(o) = -15*o**2 + 1. What is l(c)?
-14
Let y(p) be the first derivative of -p**2/2 - 18*p - 104. Calculate y(0).
-18
Let o(z) = -4*z - 22*z**2 - z + 16*z**2 + 4*z + 1. Give o(1).
-6
Let d(t) be the third derivative of -t**4/24 - t**3/2 + 5*t**2. Suppose 5*l + 5*j + 31 = j, 0 = 3*l - 4*j + 25. Let v be (-96)/28 + (-3)/l. Determine d(v).
0
Let r(o) = 2*o**2 - o - 2. Let q(p) = p**2 + 4*p. Let i(c) = -q(c) + r(c). Determine i(4).
-6
Let j(a) = -2*a**2 - 4*a - 2. Suppose 2*h = 2*s - 2, 0 = -5*h + 3*s - 72 + 63. What is j(h)?
-8
Let t(y) = 7*y**3 + 2*y**2 - 1. Let x = -1488 + 1489. Give t(x).
8
Let c(o) be the first derivative of -o**2 - 1. Let t(g) = 54*g - 95*g + 39*g. Let r(w) = -5*c(w) + 4*t(w). What is r(-3)?
-6
Suppose 0 = -4*r + 3*d + 20, 2*r - 3*d = 5 + 5. Let c(z) = -z**3 + 6*z**2 - 4*z + 6. Calculate c(r).
11
Let f = 278 + -276. Let k(y) be the second derivative of f*y + 5/2*y**2 + 0 + 1/6*y**3. What is k(-6)?
-1
Let g(i) = 22 - 433*i + 431*i - 25. Calculate g(-2).
1
Let o(t) = t**3 - 1. Let p(q) = -4*q**3 + 6*q**2 - 4*q + 2. Let k(z) = 3*o(z) + p(z). Let v be (-44)/(-10) - 4/10. Give k(v).
15
Let g(x) = 0 - 5 + 0 + x. Let a = -1951 + 1957. Give g(a).
1
Let a(q) = -87*q**2 + 2 + 48*q**2 + q + 40*q**2. 